 derivative of -1/12*y**4 + y + 0*y**2 + 0 - y**3. Let i be g(-3). Let v(a) = a - 13. What is v(i)?
-4
Let u = -3956 - -3952. Let k(f) be the first derivative of -f**4/4 - 7*f**3/3 - 9*f**2/2 + f - 3. Give k(u).
-11
Let j(l) be the third derivative of 0 + 13/6*l**3 + 6*l**2 - 8*l + 1/12*l**4. Determine j(-7).
-1
Suppose 12 = -2*l + 6*l, 6 = -n - l. Let d be (-24)/n*(21/6 + -2). Let q(m) be the first derivative of m**3/3 - m**2/2 - 4*m + 7. Give q(d).
8
Let c(p) = 225*p - 223*p + 0*p**2 - 3*p**2. Let g(l) = l**2 - 24*l + 106. Let h be g(18). Give c(h).
-16
Suppose 44*a - 99*a = -34*a - 63. Let f(r) = 2*r**2 - 56*r + 159. Give f(a).
9
Let y(o) = 2*o**2 - 2*o + 1. Let s(v) = v + 7. Let r(t) = 18. Let i(p) = -r(p) + 2*s(p). Let n be 3*(1 + (1 - 1)). Let l be i(n). Calculate y(l).
5
Let b(x) = -13*x - 51. Let t(f) = -3*f - 13. Let l = -382 + 391. Let s(u) = l*t(u) - 2*b(u). Calculate s(-13).
-2
Let f be (-102)/(-5) + 4/(-10). Let k = f + -25. Let r(z) be the second derivative of z**5/20 + z**4/2 + 2*z**3/3 - 3*z + 1. Determine r(k).
5
Let c(a) = a**2 - 81*a + 587. Let h be c(8). Let b(m) be the first derivative of -1/3*m**3 + 4*m**2 - 17 - h*m. Give b(5).
12
Let l be 2/11 + (-5 - 54/(-66)). Let r be 16*(l/(-10))/(28/(-35)). Let b(a) = a**2 + 7*a + 1. Calculate b(r).
9
Suppose -v = -7*v - 342 + 408. Let h(m) = -4*m + 46. Calculate h(v).
2
Let a(p) = p**2 + 48*p - 51. Let z be a(1). Let v(q) = 3*q + 6 - 5 + 6*q**2 + 0*q. Calculate v(z).
19
Let v(q) = -19*q + 743. Let a(d) = -d**3 + 75*d**2 - 183*d - 2337. Let c be a(72). What is v(c)?
2
Let n = 15530 + -15525. Let b(r) be the first derivative of -n*r + 3*r**2 + 3 - 2/3*r**3. Determine b(4).
-13
Suppose -2*o = 2*t - 608, -15*o + 11*o + 1222 = -2*t. Let p = o + -318. Let n(c) = c**2 + 11*c - 17. What is n(p)?
9
Let t(u) = -37*u - 133. Let s(f) = 13*f + 47. Let a(z) = -17*s(z) - 6*t(z). Calculate a(-7).
-8
Suppose -t = -2*y + 3, 4*y = -0*y - t + 9. Let v = -5 - y. Let m(s) = 2*s**2 - 146*s + 58*s + 1 - 3*s**2 + 39*s + 41*s. Calculate m(v).
8
Suppose -4*u - 10 = 64*x - 67*x, x - 4*u + 2 = 0. Let t(j) = j - 2*j**2 + 10*j + j. Give t(x).
0
Let j(m) = -8*m + 2*m**3 + 7*m - 11*m - 1109 - 1130 + 19*m**2 + 2226. What is j(-10)?
7
Let u(x) = -16*x**3 + 2*x**2 + x - 2. Let s = -5534 - -5535. Calculate u(s).
-15
Let u(v) = -2*v**3 + 26*v**2 - 11*v - 11. Let q(b) = 5*b**3 - 72*b**2 + 32*b + 35. Let p(m) = -3*q(m) - 8*u(m). What is p(-9)?
-26
Let m(v) = -34 - 33 - v**3 - 18*v - 13*v**2 - 7*v + 4*v + 75. Give m(-11).
-3
Suppose 41*y + 123*y + 328 = 0. Let t(q) = -2*q**3 - 6*q**2 - 8*q - 4. Give t(y).
4
Let q(n) = 3*n + 0*n**3 + 4*n**3 - 4*n**2 + 1 - 5*n**3 - 6. Determine q(-4).
-17
Let z(v) = -11*v**2 + 8 - v**3 - 11 + 11 + 10*v - 38. Determine z(-12).
-6
Let a = -74 - -79. Suppose -h = -a*h. Let k = h + -3. Let w(q) = q - 3. Calculate w(k).
-6
Let z(w) = 11*w**2 - 8*w - 150*w**3 - 11*w + 0*w**2 - 14 + 149*w**3. Determine z(8).
26
Suppose -287*i + 294 = -280*i. Suppose -3*z + 10*z + i = 0. Let n(m) = -m**3 - 7*m**2 - 7*m - 7. What is n(z)?
-1
Let s = 27182 - 27156. Let f(w) = w**2 - 26*w + 72. Calculate f(s).
72
Let j(p) = 2*p + 2. Let v(t) = -t**2 + 21*t + 105. Let k(a) = -6*j(a) + v(a). What is k(15)?
3
Suppose -p + 25 - 4 = 0. Let h(l) = -46*l + 0 - 11 + 16*l + 2*l**2 - 3*l**2 + p*l. Determine h(-8).
-3
Let c(o) be the second derivative of 0 + 1/2*o**2 + 3*o + 1/6*o**3. Let z(h) = -4*h + 54. Let s be z(14). What is c(s)?
-1
Suppose 12*o - 12 = 10*o. Let r be (-5 - (-39)/o)/(3/10). Suppose -r*z - 19 = -34. Let l(d) = d**2 + d - 1. Give l(z).
11
Suppose 20 = k - 5*q, 0 = 2*q - 3 + 7. Let a be 10/((-9)/42*2 + 92/84). Suppose a*v - k*v = -30. Let g(b) = -b + 4. Calculate g(v).
10
Let m(r) = r**3 - 9*r**2 - 44*r - 92. Let z be m(13). Let x(o) = -o**2 + 7*o + 7. Give x(z).
-53
Let m(d) = d**3 - d**2 - d + 2. Let h be m(0). Let y(c) be the third derivative of c**4/24 - c**3/3 - 2*c**2 - 21*c. Calculate y(h).
0
Let j(n) = n**3 - 6*n**2 + n + 1. Suppose 114 = 12*o - 90. Suppose -5*a = -l - o, -2*l + 2*a = 23 - 21. What is j(l)?
-23
Let c(b) = 3*b**3 + b**2 - b + 1. Let z(n) = -4*n**3 - 12*n**2 + 2*n - 14. Let s(d) = -2*c(d) - z(d). What is s(6)?
-60
Let s(i) = i**3 + 8*i**2 - 8*i + 11. Let o be 346/(-38) + ((-216)/(-144))/((-114)/(-8)). What is s(o)?
2
Let k(o) = -o - 5. Let m = 143 + -143. Let t be (-39)/(m - -3) + -5 + 8. What is k(t)?
5
Let m(d) = -d**3 - 7*d**2 + 10*d + 9. Suppose 5*l = -3*x + 229, -2*l - 211 = -3*x + 2*l. Let o = 65 - x. Calculate m(o).
-7
Let j(l) = -39*l**2 + 21*l + 3 + 13 - 59 + 2*l**3 + 19. Give j(19).
14
Let x(z) be the first derivative of 1/4*z**4 - 4*z + 1/2*z**2 + 7/3*z**3 + 1. Suppose s - 54 + 96 = 5*b, 4*s - b + 35 = 0. What is x(s)?
-11
Let f(m) be the second derivative of -7*m**3/6 - 11*m**2/2 + 5*m. Let d be f(-2). Let u(t) = -10 + t**2 + 11 + d*t**3 - 2*t**3 - 2*t + 0*t**2. Determine u(1).
1
Let x(k) be the third derivative of k**4/24 + 9*k**2. Suppose -4*n + 2*d = 8, -22*n - 3*d - 24 = -19*n. Give x(n).
-4
Let m(b) = 14 + 1 + 790*b**2 + 22*b + 790*b**2 - 2365*b**2 + 788*b**2. Calculate m(-10).
95
Let d(u) = 7*u**2 - 568372 - 8*u**2 - u + 568360 - 10*u. Determine d(-13).
-38
Let g(k) = 37 + 35 - 67 - 3*k**2 + 2*k**2 - 4*k. Suppose 4*m + 667 = 643. Determine g(m).
-7
Let w(o) = -o**3 + 2*o**2 + 2*o + 23. Let t be w(0). Let a be -2 + t/5 - (-28)/70. Let v(q) = 0*q**2 + q - 4*q**2 + q + 716*q**a - 714*q**3. Determine v(2).
4
Let g(l) be the third derivative of l**6/120 + l**5/20 - l**4/4 + l**3/2 + 901*l**2 + 10. Let h be (4 - 0)*(-9)/2. Let q = h + 13. Determine g(q).
-17
Let z be (3 - (-14)/(-6))/((-7)/(-21)). Let h(l) = -4 + 51*l**2 - 27*l**2 + 2 - 25*l**z. Determine h(0).
-2
Let r = 3 - 5. Let p(s) = -s - 79. Let j(n) = 5*n + 432. Let g(d) = 2*j(d) + 11*p(d). Give g(r).
-3
Let a(b) = -5*b - 7. Let o(j) = -10*j - 14. Let x(n) = -5*a(n) + 3*o(n). Let s be x(-2). Let p(i) = 8*i - 3. Determine p(s).
21
Let s(h) be the second derivative of h**4/12 - 4*h**3/3 - 6*h**2 + 30*h - 25. Calculate s(8).
-12
Let i(k) = 2*k**2 - 2*k + 5. Let g(u) = 12*u**2 - 11*u + 31. Let f(z) = -6*g(z) + 34*i(z). Let p(c) be the first derivative of f(c). Determine p(2).
-18
Let q be (-244)/(-1098) + 3112/9 + 1. Let j = q - 349. Let s(f) = 4*f**3 - 2*f - 1. Calculate s(j).
-29
Let y(s) = 46*s + 868. Let i be y(-19). Let q(v) = v**3 + 4*v**2 - 10*v + 15. Give q(i).
3
Let i = 450 + -451. Let k(v) be the second derivative of -v**5/4 - v**3/3 - v**2/2 - 7*v. Let s(m) = -m**2 + m + 1. Let c(h) = k(h) + 2*s(h). Determine c(i).
4
Let g(y) = y**3 + 20*y**2 - 44*y + 19. Let t be g(-22). Suppose -23 = 7*x + t. Let h(m) be the first derivative of -m**2/2 + 2*m + 2. What is h(x)?
8
Let r(j) = 17*j + 2. Let p = 5673 + -5673. Calculate r(p).
2
Let d be ((-136)/(-85))/(-2 - 8/(-5)). Let n(i) = 4*i**2 + i**2 + 2 - 2*i**2 - 5*i + i**3. Determine n(d).
6
Let m(u) = -799*u + 2 - 806*u - 833*u + 2434*u. Suppose 2*l + 0*l + 4 = 0. Give m(l).
10
Let h(f) = -6652*f - 6646*f + 13299*f + 6. What is h(-1)?
5
Let o = 2 - 2. Suppose -b + 2 = -o*b. Let v(g) be the first derivative of -g**3 + 3*g**2/2 - 2*g + 2412. What is v(b)?
-8
Let n(t) = -22 - 24*t - 43 + 26*t. Let x be n(35). Let w(m) = 6 + 1 - 2*m**2 - 3*m + m**2 + 4*m. Determine w(x).
-13
Suppose 344 = 70*r + 64. Let z(p) = -p**3 + 3*p**2 + 5*p - 2. Calculate z(r).
2
Let w(o) be the first derivative of o**3/3 - 4*o**2 + 17*o - 551. Calculate w(10).
37
Let z(i) = i - 4. Suppose -356 - 437 = 3*b + p, 15 = 3*p. Let h = b - -261. What is z(h)?
-9
Let t(f) = 22*f - 15. Let v = 13536 - 13535. What is t(v)?
7
Let a(b) be the first derivative of b**3/3 + 11*b**2/2 + 5*b + 16. Let r be (4/6)/(4/(-42)). Calculate a(r).
-23
Let j(t) be the first derivative of -5*t**2/2 - 3*t - 1. Let f(g) = -30*g + 184. Let q be f(6). Let d be (q/2)/(116/174). What is j(d)?
-18
Let z(o) = o**3 + 32*o**2 - 67*o + 59. Let v be z(-34). Let n(k) = -4 - k + 7*k**2 - v*k**2 + 6*k**2 + k**3. Calculate n(12).
-16
Let c(z) = -6*z + 10 + 23 + 7 + 17 - 78. What is c(-6)?
15
Let j(g) = -36 + 63 - 9730*g**2 + 9731*g**2 + 10*g. Calculate j(-10).
27
Let q(j) = 7*j**3 - 20*j**2 + 14*j - 23. Let x(w) = 6*w**3 - 19*w**2 + 14*w - 22. Let h(c) = 5*q(c) - 6*x(c). Let z = 35 - 22. What is h(z)?
4
Suppose -x - 7 = 5*i, 3*i + 14 = 4*